{"id":231,"date":"2026-02-05T23:50:40","date_gmt":"2026-02-05T23:50:40","guid":{"rendered":"https:\/\/elitopmty.com\/?post_type=product&#038;p=231"},"modified":"2026-02-05T23:50:40","modified_gmt":"2026-02-05T23:50:40","slug":"mini-lavadora-portatil-ultrasonica-turbina","status":"publish","type":"product","link":"https:\/\/elitopmty.com\/index.php\/producto\/mini-lavadora-portatil-ultrasonica-turbina\/","title":{"rendered":"Mini Lavadora Port\u00e1til Ultras\u00f3nica + Turbina"},"content":{"rendered":"","protected":false},"excerpt":{"rendered":"<p>\ud83e\udde6 Lavado r\u00e1pido para calcetines y prendas peque\u00f1as<br \/>\n\ud83c\udf00 Tecnolog\u00eda ultras\u00f3nica + turbina para mejor limpieza<br \/>\n\ud83e\uddfc Solo agrega agua y jab\u00f3n, s\u00faper f\u00e1cil de usar<br \/>\n\ud83d\ude9a Entrega GRATIS en Monterrey y \u00e1rea metropolitana<br \/>\n\ud83d\udcb3 Pagas al recibir<\/p>\n","protected":false},"featured_media":68,"comment_status":"open","ping_status":"closed","template":"","meta":{"_et_pb_use_builder":"","_et_pb_old_content":"","_et_gb_content_width":"","_joinchat":[]},"product_brand":[],"product_cat":[20],"product_tag":[],"class_list":{"0":"post-231","1":"product","2":"type-product","3":"status-publish","4":"has-post-thumbnail","6":"product_cat-populares","8":"first","9":"instock","10":"shipping-taxable","11":"purchasable","12":"product-type-simple"},"_links":{"self":[{"href":"https:\/\/elitopmty.com\/index.php\/wp-json\/wp\/v2\/product\/231","targetHints":{"allow":["GET"]}}],"collection":[{"href":"https:\/\/elitopmty.com\/index.php\/wp-json\/wp\/v2\/product"}],"about":[{"href":"https:\/\/elitopmty.com\/index.php\/wp-json\/wp\/v2\/types\/product"}],"replies":[{"embeddable":true,"href":"https:\/\/elitopmty.com\/index.php\/wp-json\/wp\/v2\/comments?post=231"}],"wp:featuredmedia":[{"embeddable":true,"href":"https:\/\/elitopmty.com\/index.php\/wp-json\/wp\/v2\/media\/68"}],"wp:attachment":[{"href":"https:\/\/elitopmty.com\/index.php\/wp-json\/wp\/v2\/media?parent=231"}],"wp:term":[{"taxonomy":"product_brand","embeddable":true,"href":"https:\/\/elitopmty.com\/index.php\/wp-json\/wp\/v2\/product_brand?post=231"},{"taxonomy":"product_cat","embeddable":true,"href":"https:\/\/elitopmty.com\/index.php\/wp-json\/wp\/v2\/product_cat?post=231"},{"taxonomy":"product_tag","embeddable":true,"href":"https:\/\/elitopmty.com\/index.php\/wp-json\/wp\/v2\/product_tag?post=231"}],"curies":[{"name":"wp","href":"https:\/\/api.w.org\/{rel}","templated":true}]}}